 -b**3/3 - b**2 + 2*b. What is the units digit of h(-2)?
2
Let n(s) = 8*s**3 + 4*s**2 + 1. What is the hundreds digit of n(3)?
2
Let j(w) = w**2 - w - 1. Let o(f) = -7*f**2 + 7. Let a(x) = 6*j(x) + o(x). Let y be a(-7). What is the units digit of (70/21)/((-2)/y)?
0
Let c = 75 - 15. What is the tens digit of c?
6
Let l be 2/(-3) + 4/6. Suppose 4*c - 41 + 1 = l. What is the tens digit of c?
1
Let k = -214 + 304. What is the tens digit of k?
9
Let p(x) = -3*x + 2. Let m be 1/(-3) + (-35)/21. What is the units digit of p(m)?
8
Let t = 2 - 0. Suppose -1 = x - t. What is the units digit of x?
1
Let m(k) = -2*k + 6. Suppose -q = -2*q - 10. What is the tens digit of m(q)?
2
Suppose 2*n + 3*c - c - 226 = 0, 545 = 5*n + c. What is the units digit of n?
8
Let z = -5 - -2. What is the units digit of z + (1 + -13)/(-1)?
9
Let m(x) = x**3 + x. What is the units digit of m(2)?
0
Suppose a + 3*p - 56 = -3*a, 0 = -3*a - 5*p + 42. Suppose a = -5*k + 49. Let x = k - 2. What is the units digit of x?
5
Suppose -w = -2*o - 42, 10*w = 5*w - 5*o + 225. What is the units digit of w?
4
Suppose 0 = 5*j + 2*r + 11, -r - 13 = 3*j + 2*j. What is the units digit of (-87)/(-12) - j/(-12)?
7
Suppose 2*u + 176 = y + y, 5*y = 3*u + 448. What is the tens digit of y?
9
What is the units digit of (-3)/2 - ((-581)/2 + -4)?
3
Let v(j) = -j**3 + 1. Let z(h) = h**2 + 4*h + 2. Let s be z(-3). Let w be v(s). Suppose w*q - 1 = q. What is the units digit of q?
1
Let h = 713 - 328. What is the tens digit of h?
8
Suppose -178 + 28 = -3*w. What is the units digit of w?
0
Let b(r) = -r**3 - r**2 - r - 9. Suppose -6*g = -5*g + 5*q + 9, 4*g + 3*q + 19 = 0. What is the tens digit of b(g)?
4
Let m(d) = d**3 - 2*d**2 + 2*d - 2. Let z be m(2). What is the units digit of 15*((-12)/(-9))/z?
0
Suppose -4*g = 2*g - 228. What is the units digit of g?
8
Suppose -2*o - f = -151, 109 = -5*o - 3*f + 485. What is the units digit of o?
7
Suppose -920 = -3*t + 5*g, -3*t + 2*g + 935 = -0*g. What is the tens digit of t?
1
Let m(i) = i**2 - 3*i. Suppose -3*y - 2*y = -30. What is the units digit of m(y)?
8
Let g be 51/(-12)*2*2. Let h = g + 23. What is the units digit of h?
6
Let w(o) = -o + 2. Suppose 5*s = 4 + 16. Let d be w(s). What is the units digit of 3/d*14/(-3)?
7
Suppose 3*b + 2*b = 0. Let q be (0 - 13)*(-1 + b). Suppose 0 = -3*w + 3*k + 27, 6*w = 3*w - 4*k + q. What is the units digit of w?
7
Let o = -4 + 6. Suppose b + o = -2. Let s = b + 5. What is the units digit of s?
1
Suppose 5*r = -2 - 3. What is the units digit of (r - -4)/(1/5)?
5
Let f = -1 + 5. Let r(w) = -f + 4*w + 0*w - w. What is the units digit of r(3)?
5
Suppose 2*y + 1 = 27. Suppose -x + y = -z + 5*z, 0 = 3*z - 3*x - 6. What is the units digit of -3*(z - 69/9)?
4
Let i(t) = -3*t - 16. What is the tens digit of i(-14)?
2
Suppose -3*u + 2*u + 38 = 0. What is the tens digit of u?
3
Suppose -5*f + 2*d + 19 = -10, 3*f + d - 13 = 0. Let q = f + -2. Let z = 7 - q. What is the units digit of z?
4
What is the tens digit of 160/6 - (-3)/9?
2
Let m(i) = 19*i**2 + 2*i - 11. What is the hundreds digit of m(3)?
1
Let i be (2 - 3)*2/2. Let m = 3 - i. Let s = 5 - m. What is the units digit of s?
1
Let y be (3 + 2)*498/5. What is the units digit of (-4)/(-14) + y/21?
4
Let b(r) = -r**3 - 11*r**2 + 18*r + 3. What is the units digit of b(-13)?
7
Suppose 3*b = 3*i - 51, 5*b = 5*i + b - 88. Suppose -h - 6*p + i = -3*p, -4*h - 5*p = -94. What is the units digit of h?
6
Let j = -20 - -28. Let g = -2 + j. Suppose 0*p + p - g = 0. What is the units digit of p?
6
Let w = -13 - -21. Let i = w + 3. What is the tens digit of i?
1
What is the tens digit of 40/12*6/5 - -100?
0
Let w(b) = 2*b + 2. Let m be (0 + 3/(-9))*-6. Let k be w(m). Suppose -k = 2*z - 4*u, -2 = -2*z - 4*u + 16. What is the units digit of z?
3
Let r(u) = -7*u + 3. Let l(p) = 4*p - 2. Let g(o) = 5*l(o) + 3*r(o). Let q be g(-7). Let w = 0 + q. What is the units digit of w?
6
Let j(z) = -z - 2. Let k be j(4). What is the tens digit of (-184)/k - (-20)/(-30)?
3
Let z = -135 - -231. What is the tens digit of z?
9
What is the tens digit of (-106)/4*16/(-8)?
5
Let l = 6 - 4. Suppose 0 = -i - l*i. Suppose o - 6 + 0 = i. What is the units digit of o?
6
Suppose -26 - 46 = -4*m. What is the tens digit of m?
1
Suppose -4*j + 45 = j. Let w(x) = -x**2 + 10*x + 2. What is the tens digit of w(j)?
1
Suppose 67 = 5*b + 7. Suppose -2*h + b = h. Suppose -g = -2*l - 9, 20 = 2*g - 2*l - h. What is the tens digit of g?
1
Suppose 0 = -j + 2*i + 1 + 9, 0 = -2*j - 4*i - 12. Suppose j - 10 = -k - 2*r, 40 = 3*k - 2*r. What is the tens digit of k?
1
Suppose 3*f - 8*f = -15. Suppose 0 = -f*n + 5*n, 5*n = -3*l + 6. What is the units digit of l?
2
Suppose 5*j - 186 = 109. What is the units digit of j?
9
What is the hundreds digit of (2668/23)/(4/14)?
4
Let o(t) = t**3 + 6*t**2 - 4*t - 5. Suppose 2*d = -b - 8, 2*d = -3*b - 11 - 9. What is the units digit of o(b)?
9
Let d(t) = t**3 - t**2 - 2*t + 3. Let f be d(2). Suppose 32 = f*j - 5*j. What is the units digit of j/(-7) + 6/(-21)?
2
What is the tens digit of ((-16)/(-24))/(2/372)?
2
Suppose -v + 23 = -3*r, 0 = -3*v + 3*r - 47 + 116. Let x = v - 8. What is the units digit of x?
5
Let u(h) = -h**2 - h + 3. Let q be u(-3). Let g be (8 - 2) + 6/q. Suppose -t + 45 = g*t. What is the units digit of t?
9
Suppose 9 + 56 = 5*r. What is the units digit of r?
3
Let z = 715 + -507. What is the hundreds digit of z?
2
Let x be (-2)/7 + (-174)/(-21). Suppose -l - 5*m = -m - 11, -4*m + x = 0. Suppose l*w - 17 + 5 = 0. What is the units digit of w?
4
Suppose 5*q - 805 = 2*m, 4*m + m = 3*q - 483. What is the units digit of q?
1
Let l(v) = -8*v**2 - 2*v - 1. Let r be l(-1). Let g = r - -11. Suppose -2*o + 4*a = -6, 5 = -g*o + 3*a + 17. What is the units digit of o?
3
Suppose 0 = 3*r - 2*y - 153, 107 = 4*r + 5*y - 74. What is the tens digit of r?
4
Let c be 3*(-86)/(-6) + -3. Suppose -t = t - c. Suppose 2*h - t = -2*z, -2*z + 18 = 4*h - 3*h. What is the units digit of z?
8
Let w = 78 - 38. What is the tens digit of w?
4
Suppose 0 = -x - 29 - 4. Let z = 68 + x. Let s = z - 25. What is the units digit of s?
0
Let h(u) = u**3 + 8*u**2 - u - 4. Let f be h(-8). Let s = f - -12. Let n = s - 11. What is the units digit of n?
5
Let z(d) be the first derivative of d**2/2 - d - 21. Let v = 21 + -15. What is the units digit of z(v)?
5
Suppose -4*g + 282 = g - 4*q, q = 2*g - 111. What is the units digit of g?
4
Suppose -2*m + 28 = 2*u, -2*u + 81 = 4*m - 3*u. What is the tens digit of m?
1
Let d = -9 + 9. What is the units digit of -3 + d - 1*-22?
9
Let b = -1 - -6. Suppose -3*r - 3*o = 9, -2*o + 9 = b*r - 3*o. What is the units digit of r?
1
Let s(h) = -h**3 + 2*h**2 + h - 1. Let b be s(2). Let y = b + 9. Let u(a) = 3*a - 12. What is the units digit of u(y)?
8
Let d = 41 - 17. Let i = d - 14. Let r = 19 - i. What is the units digit of r?
9
Suppose -2*o = o - 60. Suppose 3*v - o = -2*v. Suppose -v*z + 3 + 37 = 0. What is the units digit of z?
0
Suppose 0 = 11*a - 9*a - 42. What is the tens digit of a?
2
Let z(b) = b - 4. Let n be z(9). Let k(g) = 3 + g + n + 1. What is the units digit of k(-7)?
2
Let y be 9 + 2 + -3 + 1. Suppose -d - 3*v = -8 + 3, y = 5*d - v. What is the units digit of d?
2
Let v = 2 - 2. Suppose 0 = 3*f - v*f - 27. What is the units digit of 2/(-3) - (-15)/f?
1
Suppose 15*h - 19*h = -72. What is the units digit of h?
8
Let v(d) be the second derivative of d**4/4 - d**3/6 + d**2/2 - 2*d. What is the tens digit of v(2)?
1
Suppose -3*d + 240 = 3*o, 2*o - 2 = 2. What is the units digit of d?
8
Let b(p) = p**2 - p - 6. What is the tens digit of b(7)?
3
Let x be 2/5 + 6/(-15). Suppose s - c = 9, 51 = 5*s - x*s - 3*c. What is the units digit of s?
2
Let f = 1 - 1. Suppose -u + f*u = -1. What is the units digit of (-4)/(u/(-4)*2)?
8
Suppose 0 = o + 3*o - 288. Suppose -3*t + o = t. What is the tens digit of t?
1
Suppose 0 = 3*c + 5*r + 13, -3*c - 13 = 3*r - 4. What is the units digit of 15 - (2 - (1 - c))?
5
Let r(s) be the first derivative of -s**4/4 + 5*s**3/3 + s**2 - 4*s + 1. Suppose -6*o = -3*o - 15. What is the units digit of r(o)?
6
Let n(g) = g**2 + 6*g + 7. What is the tens digit of n(-8)?
2
Suppose f = -2*w - 0*f + 29, -3*w = f - 41. What is the tens digit of w?
1
Let r = -1 - -2. Let h(